housands digit of 9097308?
7
What is the ten thousands digit of 851963?
5
What is the thousands digit of 553160?
3
What is the hundreds digit of 126186?
1
What is the ten thousands digit of 22974729?
7
What is the hundreds digit of 17163996?
9
What is the units digit of 1118847?
7
What is the ten thousands digit of 15644875?
4
What is the millions digit of 12187384?
2
What is the ten thousands digit of 1337751?
3
What is the tens digit of 58285?
8
What is the ten thousands digit of 149145?
4
What is the tens digit of 132560?
6
What is the units digit of 220827?
7
What is the ten thousands digit of 2434257?
3
What is the units digit of 6830247?
7
What is the thousands digit of 145017?
5
What is the tens digit of 1333278?
7
What is the units digit of 3244300?
0
What is the hundreds digit of 102343?
3
What is the hundred thousands digit of 3765793?
7
What is the tens digit of 5890782?
8
What is the millions digit of 3372298?
3
What is the tens digit of 1247484?
8
What is the units digit of 5356081?
1
What is the tens digit of 362221?
2
What is the ten thousands digit of 11411004?
1
What is the hundred thousands digit of 983577?
9
What is the hundreds digit of 8698818?
8
What is the ten thousands digit of 106191?
0
What is the tens digit of 5520334?
3
What is the hundred thousands digit of 141737?
1
What is the millions digit of 5836667?
5
What is the hundreds digit of 25597?
5
What is the hundred thousands digit of 24798950?
7
What is the thousands digit of 181761?
1
What is the ten thousands digit of 21754452?
5
What is the units digit of 316582?
2
What is the thousands digit of 9046977?
6
What is the ten thousands digit of 949703?
4
What is the units digit of 62019?
9
What is the hundred thousands digit of 14379788?
3
What is the millions digit of 6119338?
6
What is the tens digit of 661296?
9
What is the hundreds digit of 322185?
1
What is the thousands digit of 710434?
0
What is the thousands digit of 3919147?
9
What is the ten thousands digit of 1010607?
1
What is the thousands digit of 34831391?
1
What is the tens digit of 2887627?
2
What is the thousands digit of 618122?
8
What is the millions digit of 3798460?
3
What is the hundred thousands digit of 302343?
3
What is the hundreds digit of 717680?
6
What is the ten thousands digit of 8120277?
2
What is the thousands digit of 2555087?
5
What is the ten thousands digit of 20986821?
8
What is the thousands digit of 10004887?
4
What is the units digit of 1535984?
4
What is the tens digit of 1965430?
3
What is the thousands digit of 1387866?
7
What is the hundred thousands digit of 1180333?
1
What is the hundred thousands digit of 5843254?
8
What is the ten thousands digit of 1039754?
3
What is the tens digit of 11521061?
6
What is the thousands digit of 2754845?
4
What is the tens digit of 161922?
2
What is the millions digit of 2511194?
2
What is the hundred thousands digit of 147542?
1
What is the ten thousands digit of 9480773?
8
What is the hundreds digit of 249404?
4
What is the hundred thousands digit of 1030016?
0
What is the ten thousands digit of 2627064?
2
What is the ten thousands digit of 253695?
5
What is the tens digit of 3485039?
3
What is the millions digit of 4280334?
4
What is the units digit of 5082421?
1
What is the tens digit of 1864821?
2
What is the tens digit of 329506?
0
What is the millions digit of 6447588?
6
What is the hundreds digit of 6394488?
4
What is the ten thousands digit of 456236?
5
What is the thousands digit of 4746793?
6
What is the millions digit of 28271016?
8
What is the thousands digit of 7726911?
6
What is the hundred thousands digit of 2682467?
6
What is the hundreds digit of 91286?
2
What is the tens digit of 5488493?
9
What is the millions digit of 5118216?
5
What is the hundreds digit of 5572482?
4
What is the hundred thousands digit of 5908265?
9
What is the ten thousands digit of 715509?
1
What is the units digit of 260038?
8
What is the tens digit of 7907984?
8
What is the hundreds digit of 277180?
1
What is the thousands digit of 677334?
7
What is the tens digit of 1457852?
5
What is the tens digit of 16568992?
9
What is the ten thousands digit of 21318024?
1
What is the hundreds digit of 17591460?
4
What is the units digit of 97203?
3
What is the tens digit of 853238?
3
What is the tens digit of 1425393?
9
What is the millions digit of 4888254?
4
What is the thousands digit of 6165817?
5
What is the millions digit of 1397032?
1
What is the units digit of 47090?
0
What is the tens digit of 32557?
5
What is the hundred thousands digit of 456384?
4
What is the ten thousands digit of 371726?
7
What is the hundreds digit of 2573767?
7
What is the tens digit of 15750142?
4
What is the thousands digit of 237816?
7
What is the ten thousands digit of 81387?
8
What is the hundred thousands digit of 12980886?
9
What is the millions digit of 10174761?
0
What is the hundred thousands digit of 2622907?
6
What is the ten thousands digit of 11108315?
0
What is the thousands digit of 73299?
3
What is the hundreds digit of 2925839?
8
What is the units digit of 69888?
8
What is the units digit of 8654003?
3
What is the ten thousands digit of 1555934?
5
What is the hundreds digit of 2221306?
3
What is the hundred thousands digit of 324912?
3
What is the tens digit of 632154?
5
What is the units digit of 54002?
2
What is the millions digit of 5504821?
5
What is the hundred thousands digit of 477004?
4
What is the tens digit of 299176?
7
What is the ten thousands digit of 64290?
6
What is the hundreds digit of 6715165?
1
What is the hundred thousands digit of 12283767?
2
What is the hundred thousands digit of 632759?
6
What is the millions digit of 19780843?
9
What is the thousands digit of 68348?
8
What is the hundred thousands digit of 315603?
3
What is the hundreds digit of 5755144?
1
What is the thousands digit of 354212?
4
What is the ten millions digit of 15075683?
1
What is the hundreds digit of 496664?
6
What is the tens digit of 936980?
8
What is the tens digit of 398882?
8
What is the hundred thousands digit of 4433980?
4
What is the units digit of 1250222?
2
What is the hundred thousands digit of 150819?
1
What is the units digit of 621653?
3
What is the units digit of 1018480?
0
What is the hundreds digit of 10932416?
4
What is the units digit of 7476?
6
What is the tens digit of 607911?
1
What is the tens digit of 9181621?
2
What is the millions digit of 8516572?
8
What is the tens digit of 405375?
7
What is the tens digit of 38364?
6
What is the hundreds digit of 442093?
0
What is the hundred thousands digit of 11955901?
9
What is the hundreds digit of 219185?
1
What is the ten millions digit of 10282870?
1
What is the hundreds digit of 457366?
3
What is the thousands digit of 3211057?
1
What is the units digit of 2913492?
2
What is the tens digit of 7619923?
2
What is the hundred thousands digit of 282758?
2
What is the tens digit of 260666?
6
What is the units digit of 437710?
0
What is the millions digit of 6589070?
6
What is the tens digit of 2428926?
2
What is the ten thousands digit of 234319?
3
What is the ten thousands digit of 105046?
0
What is the hundred thousands digit of 13324306?
3
What is the ten thousands digit of 510502?
1
What is the hundred thousands digit of 206083?
2
What is the millions digit of 1385043?
1
What is the ten thousands digit of 200518?
0
What is the hundred thousands digit of 6643745?
6
What is the millions digit of 4611395?
4
What is the ten thousands digit of 10327858?
2
What is the tens digit of 7462857?
5
What is the ten thousands digit of 457661?
5
What is the units digit of 7335052?
2
What is the millions digit of 2415509?
2
What is the hundreds digit of 2566205?
2
What is the tens digit of 8847902?
0
What is the hundred thousands digit of 2731143?
7
What is the tens digit of 1270480?
8
What is the ten thousands digit of 114113?
1
What is the hundred thousands digit of 3097262?
0
What is the units digit of 236546?
6
What is the units digit of 257103?
3
What is the hundreds digit of 1520140?
1
What is the ten thousands digit of 14092598?
9
What is the tens digit of 575846?
4
What is the tens digit of 10456192?
9
What is the units digit of 13981?
1
What is the thousands digit of 5993?
5
What is the hund